{"id":204,"date":"2021-11-09T21:25:53","date_gmt":"2021-11-09T19:25:53","guid":{"rendered":"https:\/\/www.podden.fi\/blog\/?page_id=204"},"modified":"2022-02-11T18:34:36","modified_gmt":"2022-02-11T16:34:36","slug":"program","status":"publish","type":"page","link":"https:\/\/www.podden.fi\/blog\/program\/","title":{"rendered":"Program"},"content":{"rendered":"\n<p>Tryck p\u00e5 den vita pilen i den r\u00f6da cirkeln f\u00f6r att lyssna p\u00e5 programmen. <\/p>\n\n\n\n<div class=\"wp-block-columns is-layout-flex wp-container-core-columns-is-layout-1 wp-block-columns-is-layout-flex\">\n<div class=\"wp-block-column is-layout-flow wp-block-column-is-layout-flow\" style=\"flex-basis:100%\">\n<figure class=\"wp-block-embed alignright is-type-rich is-provider-soundcloud wp-block-embed-soundcloud\"><div class=\"wp-block-embed__wrapper\">\n<iframe loading=\"lazy\" title=\"Minnespodden - Vad \u00e4r det? by peter.m.bjorkroth\" width=\"840\" height=\"400\" scrolling=\"no\" frameborder=\"no\" src=\"https:\/\/w.soundcloud.com\/player\/?visual=true&#038;url=https%3A%2F%2Fapi.soundcloud.com%2Ftracks%2F1157450068&#038;show_artwork=true&#038;maxheight=1000&#038;maxwidth=840\"><\/iframe>\n<\/div><figcaption><strong>Introduktion<\/strong><br><br><\/figcaption><\/figure>\n\n\n\n<p class=\"has-text-align-right\"><br><br><br><br><br><strong>Tema<\/strong>: Introduktion till serien<\/p>\n\n\n\n<p class=\"has-text-align-right\"><strong>Medverkande<\/strong>:<br>Peter Bj\u00f6rkroth<br>Gerd Hakalax<br>Marianne Maans<\/p>\n\n\n\n<p class=\"has-text-align-right\"><strong>Aktivitet<\/strong>: minnes-alls\u00e5ng<\/p>\n\n\n\n<hr class=\"wp-block-separator is-style-wide\"\/>\n<\/div>\n<\/div>\n\n\n\n<div class=\"wp-block-columns is-layout-flex wp-container-core-columns-is-layout-2 wp-block-columns-is-layout-flex\">\n<div class=\"wp-block-column is-layout-flow wp-block-column-is-layout-flow\" style=\"flex-basis:100%\">\n<figure class=\"wp-block-embed alignleft is-type-rich is-provider-soundcloud wp-block-embed-soundcloud\"><div class=\"wp-block-embed__wrapper\">\n<iframe loading=\"lazy\" title=\"Vad anv\u00e4nder vi minnet till - en vanlig dag by peter.m.bjorkroth\" width=\"840\" height=\"400\" scrolling=\"no\" frameborder=\"no\" src=\"https:\/\/w.soundcloud.com\/player\/?visual=true&#038;url=https%3A%2F%2Fapi.soundcloud.com%2Ftracks%2F1156417885&#038;show_artwork=true&#038;maxheight=1000&#038;maxwidth=840\"><\/iframe>\n<\/div><figcaption>Minnet<\/figcaption><\/figure>\n\n\n\n<p><br><br><br><br><br><br>Det h\u00e4r \u00e4r det f\u00f6rsta egentliga avsnittet i serien Podden om minnet.<\/p>\n\n\n\n<p><strong>Tema<\/strong>: vad anv\u00e4nder vi egentligen minnet till?<\/p>\n\n\n\n<p><strong>Aktivitet<\/strong>: finger-lek<\/p>\n\n\n\n<hr class=\"wp-block-separator is-style-wide\"\/>\n\n\n\n<hr class=\"wp-block-separator is-style-wide\"\/>\n<\/div>\n<\/div>\n\n\n\n<div class=\"wp-block-columns is-layout-flex wp-container-core-columns-is-layout-3 wp-block-columns-is-layout-flex\">\n<div class=\"wp-block-column is-layout-flow wp-block-column-is-layout-flow\" style=\"flex-basis:100%\">\n<figure class=\"wp-block-embed alignright is-type-rich is-provider-soundcloud wp-block-embed-soundcloud\"><div class=\"wp-block-embed__wrapper\">\n<iframe loading=\"lazy\" title=\"Minnespodden - L\u00e4tt Spr\u00e5k by peter.m.bjorkroth\" width=\"840\" height=\"400\" scrolling=\"no\" frameborder=\"no\" src=\"https:\/\/w.soundcloud.com\/player\/?visual=true&#038;url=https%3A%2F%2Fapi.soundcloud.com%2Ftracks%2F1156819345&#038;show_artwork=true&#038;maxheight=1000&#038;maxwidth=840\"><\/iframe>\n<\/div><figcaption>L\u00e4tt spr\u00e5k<\/figcaption><\/figure>\n\n\n\n<p class=\"has-text-align-right\"><br><br><br><br><br><br><br><br><br><br><strong>Tema<\/strong>: L\u00e4tt spr\u00e5k<\/p>\n\n\n\n<p class=\"has-text-align-right\"><strong>G\u00e4st<\/strong>: Professor Camilla Lindholm<\/p>\n\n\n\n<hr class=\"wp-block-separator is-style-wide\"\/>\n<\/div>\n<\/div>\n\n\n\n<div class=\"wp-block-columns is-layout-flex wp-container-core-columns-is-layout-4 wp-block-columns-is-layout-flex\">\n<div class=\"wp-block-column is-layout-flow wp-block-column-is-layout-flow\" style=\"flex-basis:100%\">\n<figure class=\"wp-block-embed alignleft is-type-rich is-provider-soundcloud wp-block-embed-soundcloud\"><div class=\"wp-block-embed__wrapper\">\n<iframe loading=\"lazy\" title=\"Minnespodden - spr\u00e5k och minnessjukdom by peter.m.bjorkroth\" width=\"840\" height=\"400\" scrolling=\"no\" frameborder=\"no\" src=\"https:\/\/w.soundcloud.com\/player\/?visual=true&#038;url=https%3A%2F%2Fapi.soundcloud.com%2Ftracks%2F1156815400&#038;show_artwork=true&#038;maxheight=1000&#038;maxwidth=840\"><\/iframe>\n<\/div><figcaption>Spr\u00e5k och minnessjukdom<\/figcaption><\/figure>\n\n\n\n<p><br><br><br><br><br><br><br><br><br><br><strong>Tema<\/strong>:Kommunikation och minnessjukdomar<\/p>\n\n\n\n<p><strong>G\u00e4st<\/strong>: Professor Camilla Lindholm<\/p>\n\n\n\n<hr class=\"wp-block-separator is-style-wide\"\/>\n<\/div>\n<\/div>\n\n\n\n<div class=\"wp-block-columns is-layout-flex wp-container-core-columns-is-layout-5 wp-block-columns-is-layout-flex\">\n<div class=\"wp-block-column is-layout-flow wp-block-column-is-layout-flow\" style=\"flex-basis:100%\">\n<figure class=\"wp-block-embed alignright is-type-rich is-provider-soundcloud wp-block-embed-soundcloud\"><div class=\"wp-block-embed__wrapper\">\n<iframe loading=\"lazy\" title=\"Minnespodden - V\u00e5rdmusik och musik i v\u00e5rd by peter.m.bjorkroth\" width=\"840\" height=\"400\" scrolling=\"no\" frameborder=\"no\" src=\"https:\/\/w.soundcloud.com\/player\/?visual=true&#038;url=https%3A%2F%2Fapi.soundcloud.com%2Ftracks%2F1157438245&#038;show_artwork=true&#038;maxheight=1000&#038;maxwidth=840\"><\/iframe>\n<\/div><figcaption>V\u00e5rdmusik och musik i v\u00e5rd<\/figcaption><\/figure>\n\n\n\n<p class=\"has-text-align-right\"><br><br><br><br><br><br><br><br><br><br><strong>Tema<\/strong>: Musik, v\u00e5rd och v\u00e5rdmusik<\/p>\n\n\n\n<p class=\"has-text-align-right\"><strong>G\u00e4st<\/strong>: Marianne Maans<\/p>\n\n\n\n<hr class=\"wp-block-separator is-style-wide\"\/>\n<\/div>\n<\/div>\n\n\n\n<p class=\"has-medium-font-size\">H\u00e4r kan du byta mellan sidor med program:<\/p>\n\n\n\n<!--nextpage-->\n\n\n\n<div class=\"wp-block-columns is-layout-flex wp-container-core-columns-is-layout-6 wp-block-columns-is-layout-flex\">\n<div class=\"wp-block-column is-layout-flow wp-block-column-is-layout-flow\" style=\"flex-basis:100%\">\n<figure class=\"wp-block-embed alignleft is-type-rich is-provider-soundcloud wp-block-embed-soundcloud\"><div class=\"wp-block-embed__wrapper\">\n<iframe loading=\"lazy\" title=\"Trygghet Del 1 - Inre trygghet och empati by peter.m.bjorkroth\" width=\"840\" height=\"400\" scrolling=\"no\" frameborder=\"no\" src=\"https:\/\/w.soundcloud.com\/player\/?visual=true&#038;url=https%3A%2F%2Fapi.soundcloud.com%2Ftracks%2F1156704727&#038;show_artwork=true&#038;maxheight=1000&#038;maxwidth=840\"><\/iframe>\n<\/div><\/figure>\n\n\n\n<p><br><br><br><br><br><br><br><br><br><br><strong>Tema<\/strong>: olika aspekter p\u00e5 minnet och diskussion om minnessjukdom &#8211; vad f\u00f6r\u00e4ndras?<\/p>\n\n\n\n<hr class=\"wp-block-separator is-style-wide\"\/>\n<\/div>\n<\/div>\n\n\n\n<div class=\"wp-block-columns is-layout-flex wp-container-core-columns-is-layout-7 wp-block-columns-is-layout-flex\">\n<div class=\"wp-block-column is-layout-flow wp-block-column-is-layout-flow\" style=\"flex-basis:100%\">\n<figure class=\"wp-block-embed alignright is-type-rich is-provider-soundcloud wp-block-embed-soundcloud\"><div class=\"wp-block-embed__wrapper\">\n<iframe loading=\"lazy\" title=\"Minnespodden - Medelhavsdiet och vegetariskt by peter.m.bjorkroth\" width=\"840\" height=\"400\" scrolling=\"no\" frameborder=\"no\" src=\"https:\/\/w.soundcloud.com\/player\/?visual=true&#038;url=https%3A%2F%2Fapi.soundcloud.com%2Ftracks%2F1159400734&#038;show_artwork=true&#038;maxheight=1000&#038;maxwidth=840\"><\/iframe>\n<\/div><figcaption>Medelhavsdiet och vegetariskt<\/figcaption><\/figure>\n\n\n\n<p class=\"has-text-align-right\"><br><br><br><br><br><br><br><br><br><br><br><strong>Tema:<\/strong> Medelhavsdiet och vegetariskt<\/p>\n\n\n\n<hr class=\"wp-block-separator is-style-wide\"\/>\n<\/div>\n<\/div>\n\n\n\n<div class=\"wp-block-columns is-layout-flex wp-container-core-columns-is-layout-8 wp-block-columns-is-layout-flex\">\n<div class=\"wp-block-column is-layout-flow wp-block-column-is-layout-flow\" style=\"flex-basis:100%\">\n<figure class=\"wp-block-embed alignleft is-type-rich is-provider-soundcloud wp-block-embed-soundcloud\"><div class=\"wp-block-embed__wrapper\">\n<iframe loading=\"lazy\" title=\"Minnespodden - skriv om dig sj\u00e4lv by peter.m.bjorkroth\" width=\"840\" height=\"400\" scrolling=\"no\" frameborder=\"no\" src=\"https:\/\/w.soundcloud.com\/player\/?visual=true&#038;url=https%3A%2F%2Fapi.soundcloud.com%2Ftracks%2F1159426804&#038;show_artwork=true&#038;maxheight=1000&#038;maxwidth=840\"><\/iframe>\n<\/div><figcaption>Skriv om dig sj\u00e4lv<\/figcaption><\/figure>\n\n\n\n<p><br><br><br><br><br><strong>Tema<\/strong>: skriv en anteckningsbok om dig sj\u00e4lv<br><strong>Aktivitet<\/strong>: minnes-alls\u00e5ng&nbsp;<br><strong>Musik<\/strong>: Vem kan segla<br><strong>S\u00e5ng och fiol<\/strong>: Marianne Maans<br><strong>Gitarr<\/strong>: Anders \u00d6stling<br><strong>Inspelning och mix<\/strong>: Anders Gr\u00f6nroos<\/p>\n\n\n\n<hr class=\"wp-block-separator is-style-wide\"\/>\n<\/div>\n<\/div>\n\n\n\n<div class=\"wp-block-columns is-layout-flex wp-container-core-columns-is-layout-9 wp-block-columns-is-layout-flex\">\n<div class=\"wp-block-column is-layout-flow wp-block-column-is-layout-flow\" style=\"flex-basis:100%\">\n<figure class=\"wp-block-embed alignright is-type-rich is-provider-soundcloud wp-block-embed-soundcloud\"><div class=\"wp-block-embed__wrapper\">\n<iframe loading=\"lazy\" title=\"Minnespodden - Skam by peter.m.bjorkroth\" width=\"840\" height=\"400\" scrolling=\"no\" frameborder=\"no\" src=\"https:\/\/w.soundcloud.com\/player\/?visual=true&#038;url=https%3A%2F%2Fapi.soundcloud.com%2Ftracks%2F1159418356&#038;show_artwork=true&#038;maxheight=1000&#038;maxwidth=840\"><\/iframe>\n<\/div><figcaption>Skam<\/figcaption><\/figure>\n\n\n\n<p class=\"has-text-align-right\"><br><br><br><br><br><strong>Tema<\/strong>: skamk\u00e4nslor och stigmatisering<\/p>\n\n\n\n<p class=\"has-text-align-right\"><strong>Medverkande<\/strong>: Heli Vaartio-Rajalin och Gerd Hakalax<\/p>\n\n\n\n<p class=\"has-text-align-right\"><strong>Aktivitet<\/strong>: Ordspr\u00e5ks-skoj (ta g\u00e4rna fram penna o papper innan du lyssnar)<\/p>\n\n\n\n<hr class=\"wp-block-separator is-style-wide\"\/>\n<\/div>\n<\/div>\n\n\n\n<div class=\"wp-block-columns is-layout-flex wp-container-core-columns-is-layout-10 wp-block-columns-is-layout-flex\">\n<div class=\"wp-block-column is-layout-flow wp-block-column-is-layout-flow\" style=\"flex-basis:100%\">\n<figure class=\"wp-block-embed alignleft is-type-rich is-provider-soundcloud wp-block-embed-soundcloud\"><div class=\"wp-block-embed__wrapper\">\n<iframe loading=\"lazy\" title=\"Minnessjukdom, Parkinsons sjukdom och diagnostisering by peter.m.bjorkroth\" width=\"840\" height=\"400\" scrolling=\"no\" frameborder=\"no\" src=\"https:\/\/w.soundcloud.com\/player\/?visual=true&#038;url=https%3A%2F%2Fapi.soundcloud.com%2Ftracks%2F1159223836&#038;show_artwork=true&#038;maxheight=1000&#038;maxwidth=840\"><\/iframe>\n<\/div><figcaption>Minnessjukdom, Parkinsons sjukdom och diagnostisering<\/figcaption><\/figure>\n\n\n\n<p><br><br><br><br><br><br><strong>Tema<\/strong>: gerontologi, demens, minnessjukdomar diagnostisering och Parkinsons sjukdom<\/p>\n\n\n\n<p><strong>Medverkande<\/strong>: Heli Vaartio-Rajalin, Gerd Hakalax, Peter Bj\u00f6rkroth<\/p>\n\n\n\n<hr class=\"wp-block-separator is-style-wide\"\/>\n<\/div>\n<\/div>\n\n\n\n<!--nextpage-->\n\n\n\n<div class=\"wp-block-columns is-style-default is-layout-flex wp-container-core-columns-is-layout-11 wp-block-columns-is-layout-flex\">\n<div class=\"wp-block-column is-layout-flow wp-block-column-is-layout-flow\" style=\"flex-basis:100%\">\n<figure class=\"wp-block-embed alignright is-type-rich is-provider-soundcloud wp-block-embed-soundcloud\"><div class=\"wp-block-embed__wrapper\">\n<iframe loading=\"lazy\" title=\"Minnespodden - Skavande skjortkragar och irritation by peter.m.bjorkroth\" width=\"840\" height=\"400\" scrolling=\"no\" frameborder=\"no\" src=\"https:\/\/w.soundcloud.com\/player\/?visual=true&#038;url=https%3A%2F%2Fapi.soundcloud.com%2Ftracks%2F1196438647&#038;show_artwork=true&#038;maxheight=1000&#038;maxwidth=840\"><\/iframe>\n<\/div><figcaption>Skavande skjortkragar och irritation<\/figcaption><\/figure>\n\n\n\n<p class=\"has-text-align-right\">Man skall v\u00e4lja sina ord f\u00f6r att inte irritera andra, eller skall man?&nbsp;<br>Ilska och irritation i vardagssituationer.<\/p>\n\n\n\n<p class=\"has-text-align-right\"><strong>Tema<\/strong>: Irriterande kommunikations-s\u00e4tt och annat f\u00f6rargelsev\u00e4ckande.<\/p>\n\n\n\n<p class=\"has-text-align-right\"><strong>Medverkande<\/strong>: Gerd Hakalax<\/p>\n\n\n\n<p class=\"has-text-align-right\"><strong>Aktivitet<\/strong>: Skogspromenad &#8211; en avslappnings\u00f6vning som stimulerar fantasin.<\/p>\n<\/div>\n<\/div>\n\n\n\n<figure class=\"wp-block-embed alignleft is-type-rich is-provider-soundcloud wp-block-embed-soundcloud\"><div class=\"wp-block-embed__wrapper\">\n<iframe loading=\"lazy\" title=\"Trygghet Del 2 - Yttre trygghet och etiska \u00f6verv\u00e4ganden by peter.m.bjorkroth\" width=\"840\" height=\"400\" scrolling=\"no\" frameborder=\"no\" src=\"https:\/\/w.soundcloud.com\/player\/?visual=true&#038;url=https%3A%2F%2Fapi.soundcloud.com%2Ftracks%2F1200143368&#038;show_artwork=true&#038;maxheight=1000&#038;maxwidth=840\"><\/iframe>\n<\/div><figcaption>Yttre trygghet och etiska \u00f6verv\u00e4ganden<\/figcaption><\/figure>\n\n\n\n<p><strong>Tema:<\/strong> Vad \u00e4r yttre trygghet Hur kan vi g\u00f6ra omgivningen trygg f\u00f6r sinnessjuka personer och hur undviker vi att inkr\u00e4kta p\u00e5 hens integritet?<\/p>\n\n\n\n<p><strong>Aktivitet:<\/strong> p\u00e5b\u00f6rja, eller forts\u00e4tt, med Boken om mig sj\u00e4lv<\/p>\n\n\n\n<figure class=\"wp-block-embed is-type-rich is-provider-soundcloud wp-block-embed-soundcloud\"><div class=\"wp-block-embed__wrapper\">\n<iframe loading=\"lazy\" title=\"Minnespodden - \u00c5ngest by peter.m.bjorkroth\" width=\"840\" height=\"400\" scrolling=\"no\" frameborder=\"no\" src=\"https:\/\/w.soundcloud.com\/player\/?visual=true&#038;url=https%3A%2F%2Fapi.soundcloud.com%2Ftracks%2F1208968684&#038;show_artwork=true&#038;maxheight=1000&#038;maxwidth=840\"><\/iframe>\n<\/div><figcaption>\u00c5ngest<\/figcaption><\/figure>\n\n\n\n<figure class=\"wp-block-embed alignleft is-type-rich is-provider-soundcloud wp-block-embed-soundcloud\"><div class=\"wp-block-embed__wrapper\">\n<iframe loading=\"lazy\" title=\"Minnespodden - Hj\u00e4rnh\u00e4lsa by peter.m.bjorkroth\" width=\"840\" height=\"400\" scrolling=\"no\" frameborder=\"no\" src=\"https:\/\/w.soundcloud.com\/player\/?visual=true&#038;url=https%3A%2F%2Fapi.soundcloud.com%2Ftracks%2F1208198104&#038;show_artwork=true&#038;maxheight=1000&#038;maxwidth=840\"><\/iframe>\n<\/div><figcaption>Hj\u00e4rnh\u00e4lsa<\/figcaption><\/figure>\n\n\n\n<p>Avsnittet \u00e4r kryddat med en god dos &#8221;pappa-humor&#8221;. Hoppas ni har  \u00f6verseende med den \ud83d\ude42<\/p>\n\n\n\n<p>Minnespodden tackar <a href=\"http:\/\/eschner.fi\/sv\/start\/\" target=\"_blank\" aria-label=\"eschner.fi\/sv\/start\/ (opens in a new tab)\" rel=\"noreferrer noopener\" class=\"ek-link\">eschner.fi\/sv\/start\/<\/a> som m\u00f6jliggjort skapandet av programserien<\/p>\n\n\n\n<figure class=\"wp-block-embed is-type-rich is-provider-soundcloud wp-block-embed-soundcloud\"><div class=\"wp-block-embed__wrapper\">\n<iframe loading=\"lazy\" title=\"Minnespodden - Diet f\u00f6r hj\u00e4rnh\u00e4lsa by peter.m.bjorkroth\" width=\"840\" height=\"400\" scrolling=\"no\" frameborder=\"no\" src=\"https:\/\/w.soundcloud.com\/player\/?visual=true&#038;url=https%3A%2F%2Fapi.soundcloud.com%2Ftracks%2F1208196661&#038;show_artwork=true&#038;maxheight=1000&#038;maxwidth=840\"><\/iframe>\n<\/div><figcaption>Diet f\u00f6r hj\u00e4rnh\u00e4lsa<\/figcaption><\/figure>\n\n\n\n<figure class=\"wp-block-embed is-type-rich is-provider-soundcloud wp-block-embed-soundcloud\"><div class=\"wp-block-embed__wrapper\">\n<iframe loading=\"lazy\" title=\"Diagnos minnessjukdom - Hur g\u00e5r livet vidare? by peter.m.bjorkroth\" width=\"840\" height=\"400\" scrolling=\"no\" frameborder=\"no\" src=\"https:\/\/w.soundcloud.com\/player\/?visual=true&#038;url=https%3A%2F%2Fapi.soundcloud.com%2Ftracks%2F1208967565&#038;show_artwork=true&#038;maxheight=1000&#038;maxwidth=840\"><\/iframe>\n<\/div><figcaption>Diagnos minnessjukdom &#8211; hur g\u00e5r livet vidare?<\/figcaption><\/figure>\n\n\n\n<p>Mer information h\u00e4r <a href=\"http:\/\/www.muistiliitto.fi\/application\/fil\u2026ttava_final.pdf\" class=\"ek-link\">http:\/\/www.muistiliitto.fi\/application\/fil\u2026ttava_final.pdf<\/a><\/p>\n\n\n\n<p>Minnespodden tackar <a href=\"http:\/\/eschner.fi\/sv\/start\/\" class=\"ek-link\">eschner.fi\/sv\/start\/<\/a> som m\u00f6jliggjort skapandet av programserien<\/p>\n","protected":false},"excerpt":{"rendered":"excerpt","protected":false},"author":1,"featured_media":0,"parent":0,"menu_order":0,"comment_status":"closed","ping_status":"closed","template":"","meta":{"_editorskit_title_hidden":false,"_editorskit_reading_time":1,"_editorskit_is_block_options_detached":false,"_editorskit_block_options_position":"{}","episode_type":"","audio_file":"","transcript_file":"","cover_image":"","cover_image_id":"","duration":"","filesize":"","date_recorded":"","explicit":"","block":"","filesize_raw":"","footnotes":""},"class_list":["post-204","page","type-page","status-publish","hentry"],"yoast_head":"<!-- This site is optimized with the Yoast SEO plugin v17.6 - https:\/\/yoast.com\/wordpress\/plugins\/seo\/ -->\n<title>Program &ndash; Podden.fi<\/title>\n<meta name=\"robots\" content=\"index, follow, max-snippet:-1, max-image-preview:large, max-video-preview:-1\" \/>\n<link rel=\"canonical\" href=\"https:\/\/www.podden.fi\/blog\/program\/\" \/>\n<link rel=\"next\" href=\"https:\/\/www.podden.fi\/blog\/program\/2\/\" \/>\n<meta property=\"og:locale\" content=\"sv_SE\" \/>\n<meta property=\"og:type\" content=\"article\" \/>\n<meta property=\"og:title\" content=\"Program &ndash; Podden.fi\" \/>\n<meta property=\"og:description\" content=\"Tryck p\u00e5 den vita pilen i den r\u00f6da cirkeln f\u00f6r att lyssna p\u00e5 programmen. Tema: Introduktion till serien Medverkande:Peter Bj\u00f6rkrothGerd HakalaxMarianne Maans Aktivitet: minnes-alls\u00e5ng Det h\u00e4r \u00e4r det f\u00f6rsta egentliga avsnittet i serien Podden om minnet. Tema: vad anv\u00e4nder vi egentligen minnet till? Aktivitet: finger-lek Tema: L\u00e4tt spr\u00e5k G\u00e4st: Professor Camilla Lindholm Tema:Kommunikation och minnessjukdomar &hellip; Forts\u00e4tt l\u00e4sa \u201dProgram\u201d\" \/>\n<meta property=\"og:url\" content=\"https:\/\/www.podden.fi\/blog\/program\/\" \/>\n<meta property=\"og:site_name\" content=\"Podden.fi\" \/>\n<meta property=\"article:modified_time\" content=\"2022-02-11T16:34:36+00:00\" \/>\n<meta name=\"twitter:card\" content=\"summary_large_image\" \/>\n<meta name=\"twitter:label1\" content=\"Ber\u00e4knad l\u00e4stid\" \/>\n\t<meta name=\"twitter:data1\" content=\"2 minuter\" \/>\n<script type=\"application\/ld+json\" class=\"yoast-schema-graph\">{\"@context\":\"https:\/\/schema.org\",\"@graph\":[{\"@type\":\"Organization\",\"@id\":\"https:\/\/www.podden.fi\/blog\/#organization\",\"name\":\"Podden\",\"url\":\"https:\/\/www.podden.fi\/blog\/\",\"sameAs\":[],\"logo\":{\"@type\":\"ImageObject\",\"@id\":\"https:\/\/www.podden.fi\/blog\/#logo\",\"inLanguage\":\"sv-SE\",\"url\":\"https:\/\/www.podden.fi\/blog\/wp-content\/uploads\/2021\/11\/77221714_padded_logo-e1636404027401.png\",\"contentUrl\":\"https:\/\/www.podden.fi\/blog\/wp-content\/uploads\/2021\/11\/77221714_padded_logo-e1636404027401.png\",\"width\":49,\"height\":58,\"caption\":\"Podden\"},\"image\":{\"@id\":\"https:\/\/www.podden.fi\/blog\/#logo\"}},{\"@type\":\"WebSite\",\"@id\":\"https:\/\/www.podden.fi\/blog\/#website\",\"url\":\"https:\/\/www.podden.fi\/blog\/\",\"name\":\"Podden.fi\",\"description\":\"En pod s&auml;ger mer &auml;n tusen ord\",\"publisher\":{\"@id\":\"https:\/\/www.podden.fi\/blog\/#organization\"},\"potentialAction\":[{\"@type\":\"SearchAction\",\"target\":{\"@type\":\"EntryPoint\",\"urlTemplate\":\"https:\/\/www.podden.fi\/blog\/?s={search_term_string}\"},\"query-input\":\"required name=search_term_string\"}],\"inLanguage\":\"sv-SE\"},{\"@type\":\"WebPage\",\"@id\":\"https:\/\/www.podden.fi\/blog\/program\/#webpage\",\"url\":\"https:\/\/www.podden.fi\/blog\/program\/\",\"name\":\"Program &ndash; Podden.fi\",\"isPartOf\":{\"@id\":\"https:\/\/www.podden.fi\/blog\/#website\"},\"datePublished\":\"2021-11-09T19:25:53+00:00\",\"dateModified\":\"2022-02-11T16:34:36+00:00\",\"breadcrumb\":{\"@id\":\"https:\/\/www.podden.fi\/blog\/program\/#breadcrumb\"},\"inLanguage\":\"sv-SE\",\"potentialAction\":[{\"@type\":\"ReadAction\",\"target\":[\"https:\/\/www.podden.fi\/blog\/program\/\"]}]},{\"@type\":\"BreadcrumbList\",\"@id\":\"https:\/\/www.podden.fi\/blog\/program\/#breadcrumb\",\"itemListElement\":[{\"@type\":\"ListItem\",\"position\":1,\"name\":\"Hem\"}]}]}<\/script>\n<!-- \/ Yoast SEO plugin. -->","yoast_head_json":{"title":"Program &ndash; Podden.fi","robots":{"index":"index","follow":"follow","max-snippet":"max-snippet:-1","max-image-preview":"max-image-preview:large","max-video-preview":"max-video-preview:-1"},"canonical":"https:\/\/www.podden.fi\/blog\/program\/","next":"https:\/\/www.podden.fi\/blog\/program\/2\/","og_locale":"sv_SE","og_type":"article","og_title":"Program &ndash; Podden.fi","og_description":"Tryck p\u00e5 den vita pilen i den r\u00f6da cirkeln f\u00f6r att lyssna p\u00e5 programmen. Tema: Introduktion till serien Medverkande:Peter Bj\u00f6rkrothGerd HakalaxMarianne Maans Aktivitet: minnes-alls\u00e5ng Det h\u00e4r \u00e4r det f\u00f6rsta egentliga avsnittet i serien Podden om minnet. Tema: vad anv\u00e4nder vi egentligen minnet till? Aktivitet: finger-lek Tema: L\u00e4tt spr\u00e5k G\u00e4st: Professor Camilla Lindholm Tema:Kommunikation och minnessjukdomar &hellip; Forts\u00e4tt l\u00e4sa \u201dProgram\u201d","og_url":"https:\/\/www.podden.fi\/blog\/program\/","og_site_name":"Podden.fi","article_modified_time":"2022-02-11T16:34:36+00:00","twitter_card":"summary_large_image","twitter_misc":{"Ber\u00e4knad l\u00e4stid":"2 minuter"},"schema":{"@context":"https:\/\/schema.org","@graph":[{"@type":"Organization","@id":"https:\/\/www.podden.fi\/blog\/#organization","name":"Podden","url":"https:\/\/www.podden.fi\/blog\/","sameAs":[],"logo":{"@type":"ImageObject","@id":"https:\/\/www.podden.fi\/blog\/#logo","inLanguage":"sv-SE","url":"https:\/\/www.podden.fi\/blog\/wp-content\/uploads\/2021\/11\/77221714_padded_logo-e1636404027401.png","contentUrl":"https:\/\/www.podden.fi\/blog\/wp-content\/uploads\/2021\/11\/77221714_padded_logo-e1636404027401.png","width":49,"height":58,"caption":"Podden"},"image":{"@id":"https:\/\/www.podden.fi\/blog\/#logo"}},{"@type":"WebSite","@id":"https:\/\/www.podden.fi\/blog\/#website","url":"https:\/\/www.podden.fi\/blog\/","name":"Podden.fi","description":"En pod s&auml;ger mer &auml;n tusen ord","publisher":{"@id":"https:\/\/www.podden.fi\/blog\/#organization"},"potentialAction":[{"@type":"SearchAction","target":{"@type":"EntryPoint","urlTemplate":"https:\/\/www.podden.fi\/blog\/?s={search_term_string}"},"query-input":"required name=search_term_string"}],"inLanguage":"sv-SE"},{"@type":"WebPage","@id":"https:\/\/www.podden.fi\/blog\/program\/#webpage","url":"https:\/\/www.podden.fi\/blog\/program\/","name":"Program &ndash; Podden.fi","isPartOf":{"@id":"https:\/\/www.podden.fi\/blog\/#website"},"datePublished":"2021-11-09T19:25:53+00:00","dateModified":"2022-02-11T16:34:36+00:00","breadcrumb":{"@id":"https:\/\/www.podden.fi\/blog\/program\/#breadcrumb"},"inLanguage":"sv-SE","potentialAction":[{"@type":"ReadAction","target":["https:\/\/www.podden.fi\/blog\/program\/"]}]},{"@type":"BreadcrumbList","@id":"https:\/\/www.podden.fi\/blog\/program\/#breadcrumb","itemListElement":[{"@type":"ListItem","position":1,"name":"Hem"}]}]}},"_links":{"self":[{"href":"https:\/\/www.podden.fi\/blog\/wp-json\/wp\/v2\/pages\/204","targetHints":{"allow":["GET"]}}],"collection":[{"href":"https:\/\/www.podden.fi\/blog\/wp-json\/wp\/v2\/pages"}],"about":[{"href":"https:\/\/www.podden.fi\/blog\/wp-json\/wp\/v2\/types\/page"}],"author":[{"embeddable":true,"href":"https:\/\/www.podden.fi\/blog\/wp-json\/wp\/v2\/users\/1"}],"replies":[{"embeddable":true,"href":"https:\/\/www.podden.fi\/blog\/wp-json\/wp\/v2\/comments?post=204"}],"version-history":[{"count":55,"href":"https:\/\/www.podden.fi\/blog\/wp-json\/wp\/v2\/pages\/204\/revisions"}],"predecessor-version":[{"id":401,"href":"https:\/\/www.podden.fi\/blog\/wp-json\/wp\/v2\/pages\/204\/revisions\/401"}],"wp:attachment":[{"href":"https:\/\/www.podden.fi\/blog\/wp-json\/wp\/v2\/media?parent=204"}],"curies":[{"name":"wp","href":"https:\/\/api.w.org\/{rel}","templated":true}]}}